is the ten thousands digit of 369477?
6
What is the units digit of 939334?
4
What is the ten thousands digit of 764927?
6
What is the units digit of 1109719?
9
What is the ten thousands digit of 2629249?
2
What is the thousands digit of 60452?
0
What is the millions digit of 18148199?
8
What is the hundred thousands digit of 446790?
4
What is the units digit of 43589?
9
What is the units digit of 4761195?
5
What is the tens digit of 734296?
9
What is the tens digit of 4971481?
8
What is the tens digit of 32122?
2
What is the ten millions digit of 11583552?
1
What is the hundreds digit of 6109597?
5
What is the tens digit of 441246?
4
What is the ten thousands digit of 549456?
4
What is the hundred thousands digit of 3388408?
3
What is the thousands digit of 69189?
9
What is the units digit of 1296910?
0
What is the hundreds digit of 10920407?
4
What is the tens digit of 3366587?
8
What is the hundred thousands digit of 660752?
6
What is the thousands digit of 3355624?
5
What is the hundred thousands digit of 311117?
3
What is the units digit of 1363179?
9
What is the units digit of 1963385?
5
What is the ten thousands digit of 10229021?
2
What is the thousands digit of 6812809?
2
What is the units digit of 423832?
2
What is the tens digit of 2221501?
0
What is the hundreds digit of 18190928?
9
What is the ten millions digit of 31138072?
3
What is the thousands digit of 6256357?
6
What is the hundreds digit of 309319?
3
What is the thousands digit of 412782?
2
What is the units digit of 149462?
2
What is the units digit of 310960?
0
What is the millions digit of 1219449?
1
What is the ten thousands digit of 352998?
5
What is the millions digit of 1363139?
1
What is the thousands digit of 675475?
5
What is the units digit of 3315778?
8
What is the tens digit of 4289166?
6
What is the units digit of 789320?
0
What is the hundreds digit of 6430185?
1
What is the thousands digit of 2613315?
3
What is the hundred thousands digit of 189445?
1
What is the hundreds digit of 289151?
1
What is the tens digit of 1089383?
8
What is the hundreds digit of 14599645?
6
What is the ten thousands digit of 42081?
4
What is the hundreds digit of 40107?
1
What is the units digit of 2021273?
3
What is the thousands digit of 131710?
1
What is the ten millions digit of 14388613?
1
What is the hundreds digit of 308425?
4
What is the thousands digit of 82057?
2
What is the ten thousands digit of 281665?
8
What is the hundred thousands digit of 8805794?
8
What is the ten thousands digit of 26734629?
3
What is the ten thousands digit of 24287902?
8
What is the hundreds digit of 185220?
2
What is the units digit of 1148057?
7
What is the hundreds digit of 69695?
6
What is the hundreds digit of 973762?
7
What is the hundred thousands digit of 1070107?
0
What is the hundred thousands digit of 622509?
6
What is the thousands digit of 1836159?
6
What is the units digit of 28498?
8
What is the units digit of 416606?
6
What is the hundred thousands digit of 3158813?
1
What is the hundred thousands digit of 29616158?
6
What is the thousands digit of 2781396?
1
What is the units digit of 102164?
4
What is the hundred thousands digit of 1051386?
0
What is the ten thousands digit of 5533677?
3
What is the hundred thousands digit of 567901?
5
What is the units digit of 1055395?
5
What is the thousands digit of 86620?
6
What is the thousands digit of 744394?
4
What is the hundred thousands digit of 440987?
4
What is the hundreds digit of 459689?
6
What is the units digit of 5326506?
6
What is the tens digit of 629861?
6
What is the hundreds digit of 3246547?
5
What is the millions digit of 1337030?
1
What is the thousands digit of 295632?
5
What is the units digit of 2179947?
7
What is the thousands digit of 19091?
9
What is the hundreds digit of 19551359?
3
What is the ten thousands digit of 2118615?
1
What is the hundred thousands digit of 587690?
5
What is the hundred thousands digit of 565194?
5
What is the hundreds digit of 40974?
9
What is the hundred thousands digit of 207212?
2
What is the hundreds digit of 2855315?
3
What is the thousands digit of 294877?
4
What is the tens digit of 19422602?
0
What is the hundreds digit of 288817?
8
What is the tens digit of 1275886?
8
What is the thousands digit of 804558?
4
What is the ten thousands digit of 9492765?
9
What is the units digit of 31740?
0
What is the hundreds digit of 413045?
0
What is the hundred thousands digit of 823639?
8
What is the thousands digit of 398534?
8
What is the hundred thousands digit of 190303?
1
What is the thousands digit of 7430683?
0
What is the thousands digit of 680582?
0
What is the hundreds digit of 667152?
1
What is the hundred thousands digit of 3815621?
8
What is the hundred thousands digit of 2482327?
4
What is the thousands digit of 46774?
6
What is the millions digit of 1992492?
1
What is the hundreds digit of 3766726?
7
What is the tens digit of 233717?
1
What is the units digit of 14034?
4
What is the hundreds digit of 2286363?
3
What is the units digit of 183218?
8
What is the ten thousands digit of 6708871?
0
What is the thousands digit of 175425?
5
What is the hundred thousands digit of 470894?
4
What is the units digit of 631490?
0
What is the units digit of 5234988?
8
What is the hundred thousands digit of 1439352?
4
What is the hundred thousands digit of 109805?
1
What is the hundred thousands digit of 616132?
6
What is the thousands digit of 209261?
9
What is the tens digit of 35404086?
8
What is the units digit of 4568323?
3
What is the units digit of 443136?
6
What is the hundred thousands digit of 365304?
3
What is the ten thousands digit of 443893?
4
What is the hundred thousands digit of 2830839?
8
What is the tens digit of 39406?
0
What is the ten thousands digit of 43493012?
9
What is the units digit of 25264551?
1
What is the hundreds digit of 692815?
8
What is the ten thousands digit of 3176762?
7
What is the units digit of 1288108?
8
What is the hundred thousands digit of 455833?
4
What is the hundreds digit of 337321?
3
What is the thousands digit of 3345944?
5
What is the ten millions digit of 15789721?
1
What is the units digit of 4257182?
2
What is the hundreds digit of 4318760?
7
What is the ten thousands digit of 1190781?
9
What is the thousands digit of 30291201?
1
What is the units digit of 327832?
2
What is the ten thousands digit of 40877?
4
What is the tens digit of 12881048?
4
What is the units digit of 141479?
9
What is the millions digit of 16249594?
6
What is the millions digit of 10499314?
0
What is the hundreds digit of 5312585?
5
What is the units digit of 338879?
9
What is the hundreds digit of 3678656?
6
What is the millions digit of 3330079?
3
What is the ten thousands digit of 182357?
8
What is the units digit of 102173?
3
What is the ten thousands digit of 13989787?
8
What is the hundred thousands digit of 562212?
5
What is the hundreds digit of 745557?
5
What is the hundreds digit of 166943?
9
What is the ten thousands digit of 1623262?
2
What is the thousands digit of 1659641?
9
What is the tens digit of 4319993?
9
What is the hundred thousands digit of 776806?
7
What is the tens digit of 16062664?
6
What is the ten thousands digit of 211342?
1
What is the ten millions digit of 17130565?
1
What is the hundred thousands digit of 2990496?
9
What is the thousands digit of 225846?
5
What is the hundred thousands digit of 192807?
1
What is the thousands digit of 343591?
3
What is the ten thousands digit of 23418505?
1
What is the tens digit of 64783?
8
What is the thousands digit of 57400?
7
What is the hundred thousands digit of 18342165?
3
What is the thousands digit of 448702?
8
What is the ten thousands digit of 670771?
7
What is the tens digit of 8226291?
9
What is the ten thousands digit of 1164708?
6
What is the tens digit of 585301?
0
What is the hundred thousands digit of 2891837?
8
What is the hundreds digit of 2856577?
5
What is the ten thousands digit of 669275?
6
What is the tens digit of 25528253?
5
What is the hundreds digit of 5522395?
3
What is the thousands digit of 359077?
9
What is the millions digit of 13829801?
3
What is the tens digit of 2527831?
3
What is the ten thousands digit of 10354856?
5
What is the thousands digit of 8